s divided by 8003.
1
What is the remainder when 29794 is divided by 102?
10
Calculate the remainder when 596582 is divided by 8646.
8
What is the remainder when 165257 is divided by 1878?
1871
What is the remainder when 87757 is divided by 878?
835
Calculate the remainder when 88936 is divided by 1744.
1736
What is the remainder when 20218 is divided by 20186?
32
What is the remainder when 4573 is divided by 98?
65
What is the remainder when 785084 is divided by 130847?
2
What is the remainder when 33340 is divided by 250?
90
What is the remainder when 17897 is divided by 1497?
1430
Calculate the remainder when 6332 is divided by 135.
122
Calculate the remainder when 76241 is divided by 2459.
12
Calculate the remainder when 115288 is divided by 27.
25
Calculate the remainder when 49527 is divided by 384.
375
Calculate the remainder when 2354 is divided by 588.
2
Calculate the remainder when 31442 is divided by 244.
210
Calculate the remainder when 331489 is divided by 26.
15
What is the remainder when 108036 is divided by 3374?
68
Calculate the remainder when 464594 is divided by 505.
499
Calculate the remainder when 66594 is divided by 35.
24
Calculate the remainder when 56130 is divided by 80.
50
Calculate the remainder when 412893 is divided by 136.
133
What is the remainder when 1876656 is divided by 625551?
3
Calculate the remainder when 2659 is divided by 190.
189
Calculate the remainder when 35598 is divided by 565.
3
What is the remainder when 67738 is divided by 4?
2
Calculate the remainder when 35572 is divided by 3557.
2
What is the remainder when 3946 is divided by 1269?
139
Calculate the remainder when 16554 is divided by 1045.
879
What is the remainder when 11092 is divided by 2125?
467
What is the remainder when 20048 is divided by 18?
14
What is the remainder when 3111 is divided by 32?
7
Calculate the remainder when 21172 is divided by 21163.
9
Calculate the remainder when 91436 is divided by 349.
347
Calculate the remainder when 65750 is divided by 190.
10
Calculate the remainder when 13692 is divided by 978.
0
Calculate the remainder when 3005 is divided by 177.
173
What is the remainder when 6269 is divided by 22?
21
What is the remainder when 38131 is divided by 175?
156
What is the remainder when 3556 is divided by 1151?
103
Calculate the remainder when 6269684 is divided by 15.
14
What is the remainder when 40546 is divided by 5792?
2
What is the remainder when 375497 is divided by 93865?
37
Calculate the remainder when 6941 is divided by 2301.
38
Calculate the remainder when 124746 is divided by 5669.
28
What is the remainder when 46052 is divided by 357?
356
Calculate the remainder when 12835 is divided by 4075.
610
Calculate the remainder when 17218 is divided by 2176.
1986
Calculate the remainder when 7322 is divided by 436.
346
Calculate the remainder when 517264 is divided by 186.
184
Calculate the remainder when 23366 is divided by 2362.
2108
What is the remainder when 19762 is divided by 1795?
17
What is the remainder when 23777 is divided by 30?
17
Calculate the remainder when 4346 is divided by 1358.
272
Calculate the remainder when 97506 is divided by 711.
99
Calculate the remainder when 107921 is divided by 446.
435
Calculate the remainder when 2089 is divided by 77.
10
What is the remainder when 42510 is divided by 308?
6
What is the remainder when 247610 is divided by 16?
10
Calculate the remainder when 16993 is divided by 11.
9
What is the remainder when 76604 is divided by 3330?
14
What is the remainder when 84554 is divided by 124?
110
Calculate the remainder when 4408845 is divided by 306.
303
Calculate the remainder when 24628 is divided by 24623.
5
Calculate the remainder when 453255 is divided by 226626.
3
Calculate the remainder when 4091 is divided by 2029.
33
Calculate the remainder when 28492 is divided by 9.
7
What is the remainder when 6207 is divided by 345?
342
What is the remainder when 7095 is divided by 512?
439
Calculate the remainder when 366337 is divided by 4637.
14
Calculate the remainder when 2048 is divided by 1398.
650
Calculate the remainder when 128 is divided by 23.
13
Calculate the remainder when 898 is divided by 106.
50
Calculate the remainder when 715 is divided by 369.
346
What is the remainder when 1136449 is divided by 79?
34
Calculate the remainder when 4177 is divided by 2060.
57
Calculate the remainder when 1651 is divided by 877.
774
Calculate the remainder when 19439 is divided by 9711.
17
What is the remainder when 1696 is divided by 118?
44
What is the remainder when 4284 is divided by 22?
16
Calculate the remainder when 6250 is divided by 328.
18
Calculate the remainder when 182855 is divided by 892.
887
What is the remainder when 73480 is divided by 24492?
4
Calculate the remainder when 10137 is divided by 434.
155
Calculate the remainder when 14194 is divided by 394.
10
Calculate the remainder when 286071 is divided by 207.
204
Calculate the remainder when 679210 is divided by 86.
68
Calculate the remainder when 5446 is divided by 868.
238
What is the remainder when 1506213 is divided by 158?
157
What is the remainder when 1596 is divided by 783?
30
Calculate the remainder when 2007 is divided by 400.
7
Calculate the remainder when 169720 is divided by 21.
19
What is the remainder when 393 is divided by 306?
87
Calculate the remainder when 1244 is divided by 377.
113
Calculate the remainder when 6326 is divided by 333.
332
What is the remainder when 327961 is divided by 371?
368
Calculate the remainder when 64256 is divided by 22.
16
Calculate the remainder when 501190 is divided by 12.
10
Calculate the remainder when 44797 is divided by 114.
109
What is the remainder when 305167 is divided by 1031?
1022
Calculate the remainder when 480406 is divided by 95.
86
Calculate the remainder when 3126 is divided by 68.
66
Calculate the remainder when 22236 is divided by 3175.
11
Calculate the remainder when 264757 is divided by 106.
75
Calculate the remainder when 22552 is divided by 11264.
24
Calculate the remainder when 4748 is divided by 61.
51
What is the remainder when 103033 is divided by 209?
205
Calculate the remainder when 105797 is divided by 10.
7
What is the remainder when 87206 is divided by 17?
13
Calculate the remainder when 64010 is divided by 21333.
11
What is the remainder when 935 is divided by 106?
87
What is the remainder when 3697 is divided by 177?
157
What is the remainder when 4409 is divided by 1033?
277
Calculate the remainder when 21571 is divided by 207.
43
Calculate the remainder when 6964 is divided by 18.
16
Calculate the remainder when 4974 is divided by 79.
76
Calculate the remainder when 35055 is divided by 585.
540
What is the remainder when 8623 is divided by 108?
91
Calculate the remainder when 46758 is divided by 327.
324
Calculate the remainder when 146046 is divided by 128.
126
Calculate the remainder when 8556 is divided by 217.
93
What is the remainder when 6554 is divided by 98?
86
What is the remainder when 63376 is divided by 9?
7
Calculate the remainder when 2285 is divided by 69.
8
What is the remainder when 19504 is divided by 812?
16
What is the remainder when 835052 is divided by 167009?
7
Calculate the remainder when 179755 is divided by 89870.
15
What is the remainder when 11292 is divided by 247?
177
Calculate the remainder when 44114 is divided by 152.
34
Calculate the remainder when 31801 is divided by 22.
11
Calculate the remainder when 4675 is divided by 189.
139
Calculate the remainder when 5167 is divided by 3755.
1412
Calculate the remainder when 2306 is divided by 763.
17
Calculate the remainder when 13613 is divided by 262.
251
What is the remainder when 44312 is divided by 243?
86
What is the remainder when 377257 is divided by 12575?
7
What is the remainder when 1553 is divided by 386?
9
What is the remainder when 6826 is divided by 381?
349
Calculate the remainder when 43223 is divided by 5400.
23
What is the remainder when 87 is divided by 29?
0
What is the remainder when 91 is divided by 29?
4
Calculate the remainder when 155980 is divided by 190.
180
What is the remainder when 57626 is divided by 343?
2
Calculate the remainder when 178462 is divided by 286.
284
Calculate the remainder when 857 is 